/6 + 6*k**2. What is g(4)?
13
Let x(m) be the first derivative of 7/24*m**4 - 3 - 1/24*m**5 - 1/360*m**6 - m**3 + 0*m + 0*m**2. Let h(p) be the third derivative of x(p). Determine h(-5).
7
Suppose 4 = -4*p + 6*p. Let z(g) = 2 + 2 - 6 - 3*g**p + 2*g**2 + 3*g. What is z(4)?
-6
Let d = -8 + 10. Let c be (-2)/(-4)*(4 - d). Let k(v) = -9*v + 1. Give k(c).
-8
Let s(p) = p - 6. Let r(l) = 4*l + 8. Let o be r(0). Calculate s(o).
2
Suppose 16 = -2*l - 2*b + 6*b, 5*b = 25. Let z(g) = 2*g - 3. What is z(l)?
1
Let y(c) = 2*c - 2. Let u(a) = a - 2. Let r(k) = 3*u(k) - 2*y(k). What is r(-9)?
7
Suppose -n = 3*n - 16. Let i(t) = n*t - 5*t + 8 - 7 + 2*t. What is i(-2)?
-1
Let b = -21 + 18. Let s(v) = v**2 - v - 6. Calculate s(b).
6
Let h(o) = o**2 + 2*o + 2. Let t(z) = z**2 + 3*z + 3. Let c(m) = -m**2 + 3*m + 7. Let r be c(5). Let q(f) = r*t(f) + 4*h(f). Give q(-2).
5
Let i(j) be the second derivative of -j**3/6 + j**2/2 - 8*j. Calculate i(0).
1
Let x(n) be the third derivative of 3*n**5/20 + n**4/8 + 2*n**3/3 + n**2. Let v(b) = -10*b**2 - 2*b - 3. Let d(w) = 4*v(w) + 3*x(w). Give d(1).
-12
Let a(k) = -k**2 + 2*k + 2. Let q(l) = 2*l**2 - 3*l - 2. Let c(v) = 3*a(v) + 2*q(v). Calculate c(4).
18
Let v(r) = r**2 + 7*r. Let s be v(-7). Suppose s = w - 0*w. Let n(c) = c + 12. Determine n(w).
12
Let n(m) be the second derivative of -m**6/360 + m**4/24 - m**3/6 + 2*m. Let g(f) be the second derivative of n(f). What is g(-2)?
-3
Let c(j) = -j**3 + 6*j**2 - 2*j + 5. Let z be c(6). Let f(k) = 0 - 10 + 6. Let g(v) = v + 8. Let h(p) = z*f(p) - 3*g(p). What is h(3)?
-5
Let j(x) = -3*x**2 + 4*x - 2. Let m = 7 - 14. Let s(c) = -4*c**2 + 6*c - 3. Let b(u) = m*j(u) + 5*s(u). Determine b(-2).
-1
Let h(c) be the second derivative of 3*c**4/4 + c**3/6 + 2*c. Suppose -5*q + 2*f - 5 = 0, -q = 3*q - f + 4. Determine h(q).
8
Let k be 6/4 + 8/(-16). Let s(r) = r**2 + r - 1. Calculate s(k).
1
Suppose 3*j + r + 10 = 6*r, 0 = 4*j - 3*r - 5. Let y(p) = p - p**2 + p + p + 3*p - 6. Determine y(j).
-1
Let o = -3/59 - -68/177. Let i(x) be the second derivative of 0 + 2*x**2 + o*x**3 - 1/4*x**4 - x + 1/20*x**5. What is i(3)?
10
Let w(d) = 4*d**2 + d - 3. Let h(c) = -c**2 + 1. Let r(v) = 3*h(v) + w(v). Let p = 4 + 3. Let f be p/(-35) - (-4)/(-5). Determine r(f).
0
Let h(a) be the third derivative of a**6/120 + 3*a**5/20 - a**4/24 - 14*a**2. What is h(-9)?
9
Let w = -34 + 26. Let r(m) = m + 10. Determine r(w).
2
Let m = 0 - -2. Let v(g) = 4 - 4*g**m + 2 - 5. What is v(1)?
-3
Let j be 6/(-24) - (-3)/12. Let v(k) = k**2 + k + 13. Determine v(j).
13
Suppose -5*x - 5*s = 10, -2*s + 1 = -2*x - x. Let u(y) = -8*y. Calculate u(x).
8
Let i be (4/(-6))/(1/(-6)). Let h(q) = 3*q - 1 - 3*q - 6*q - q - q**2 + q**3. Let b(a) = 3*a**3 - 2*a**2 - 22*a - 2. Let l(s) = 2*b(s) - 7*h(s). Calculate l(i).
7
Let f(m) = m**2 + 9. Let v(l) be the second derivative of -l**4/12 + 2*l**3/3 + 5*l**2/2 - l. Let k be v(5). Suppose k = 3*p + 2*p. What is f(p)?
9
Let k(m) = -3*m - m**3 - 19*m**2 + 2 + 14*m**2 + 0. Let h = 10 - 14. Determine k(h).
-2
Suppose -4*o = 3*b + 17, -6*o - 11 = -2*o + b. Let y(u) be the second derivative of 0*u**2 + 1/6*u**3 + 0 + 2*u. What is y(o)?
-2
Let v(k) = -k**3 + 2*k**2 + 5*k - 4. Let r be v(3). Suppose 7 - 29 = -r*c. Suppose c = 4*p - 5. Let q(y) = y**3 - 6*y**2 + 7*y - 4. Calculate q(p).
-8
Let x(v) = -v. Let h(l) = -3*l + 3. Let i(c) = h(c) - 5*x(c). Give i(5).
13
Let z(n) = -n**3 - 5 + 2*n**2 + 3 - 8*n**2 - 4*n. Suppose -18 = -4*g + f + f, 4*g - 23 = 3*f. Suppose -g = 3*k + 4. Calculate z(k).
-10
Let z be (0 - -2) + (1 - 0). Let a(p) = -5 - 1 + 2 + p**2 - 3*p. Give a(z).
-4
Let p(n) = 3*n + 1. Let y(r) = -9*r - 3. Let g(d) = -17*d**3 - d**2 + d + 2. Let o be g(-1). Let a(t) = o*p(t) + 6*y(t). Determine a(1).
-4
Let h = 0 - -2. Let b(a) = 2*a - 2. Let v be (4 + -1)/((-3)/(-4)). Let q(u) = -u + 2. Let i(n) = v*q(n) + 3*b(n). Give i(h).
6
Let a(w) = -w - 8. Let f = 35 - 45. Determine a(f).
2
Let r(a) be the first derivative of 3*a**2/2 - 3*a - 9. Suppose -4*o - 12 = -8*o. What is r(o)?
6
Let w(k) = k**3 - 6*k**2 - 2*k + 7. Suppose s - 4 = 1. Suppose 0 = s*a - 0 + 5, -a = 5*f - 239. Let b be (f/(-56))/(2/(-14)). Give w(b).
-5
Let x(h) = -3*h**3 - 17*h**2 - 17*h - 17. Let y(a) = -a**3 - 6*a**2 - 6*a - 6. Let f(s) = -6*x(s) + 17*y(s). Calculate f(-1).
-1
Suppose -4*d + 2 = -2. Suppose 3*y = -d + 10. Let s(o) = -y*o + 2 + 5*o - o. Determine s(-2).
0
Suppose 61 = 5*m - 2*k, -6*m + m + 3*k = -64. Let x(i) = -i + 4. Calculate x(m).
-7
Suppose -3*p + 13 = a, -3*a - 2*p + 4 = -0*a. Let h(i) = i**2 + i. Let g(k) = -k**2 - 5*k - 2. Let t(z) = -g(z) - 2*h(z). Determine t(a).
-8
Let g = 84 - 78. Let i(o) = -o**3 + 6*o**2 - o + 7. Give i(g).
1
Let v(n) = -n**2 - 6*n + 9. Suppose -4*u = -2*b + 30, u = 4*u - 4*b + 25. Let c be v(u). Let r(w) = -w**3 + 2*w**2 - w. What is r(c)?
-2
Suppose 22 = -4*i + 50. Let d(u) = u**2 - 8*u + 8. Calculate d(i).
1
Suppose -2*n + c + 9 = -0*c, 3*c = 2*n - 3. Let y = -7 + n. Let b(g) = -7*g. Determine b(y).
7
Let a = 5 + -5. Let d(q) = 3*q + a*q**3 + q**3 + q - 3*q. Let l be d(1). Let y(v) = -v**3 - v**2 + 2*v. Determine y(l).
-8
Let v(j) = 4*j**2 + j**3 - 2*j**3 - 5*j + j**2 - 2. Suppose -4*u + 3*c - 5*c + 6 = 0, 17 = -2*u + 3*c. Let r be u/4 + 51/12. Calculate v(r).
-6
Let l(a) be the second derivative of a**5/20 - a**4/2 - 4*a**3/3 + 3*a**2/2 + 2*a. Give l(7).
-4
Let r(s) = -s**2 - 5*s + 8. Let f = 12 + -19. Determine r(f).
-6
Let b be (10/12)/((-7)/(-42)). Let o(l) = -4*l**2 + 4*l**3 - 4*l - 3 - 3*l**3 + 1. Calculate o(b).
3
Let u(v) = -v**3 - 6*v**2 - 5*v + 2. Let y(l) = 2*l**3 + 12*l**2 + 10*l - 4. Let i(z) = 5*u(z) + 3*y(z). What is i(-4)?
10
Let j be 3 + (0/3)/(-3). Let l be ((-2)/j)/((-1)/3). Let y(b) = 0*b + 1 + 3*b - b**l + 2. Give y(5).
-7
Let m = -1 - -5. Suppose -m*k + 0*f = f - 11, -3*f = 3*k - 15. Let q(p) = -2*p + 4 + 3*p**k - 2*p**2 - p - 1. Calculate q(3).
3
Let m(y) be the first derivative of -y**4/4 - 5*y**3/3 - 7*y**2/2 - 5*y - 3. Calculate m(-4).
7
Let u(z) = z**3 - 5*z**2 + 4*z. Suppose -7*m + 14 = -14. What is u(m)?
0
Let a(w) = w + 2*w + w**2 + 3 - 7*w. Suppose -14 = -5*f + 3*i, 3*i + 0*i - 26 = -5*f. Let c be (5/f)/(1/4). Calculate a(c).
8
Let n(c) = c. Let m(z) = 3. Suppose -4*t = s - 1, 2*t + 4 = s + 9. Let a = s + 0. Let k(x) = a*n(x) - m(x). Determine k(-2).
3
Let u(a) = -7*a + 1 - 7 - a**2 + 0 - 1. Determine u(-5).
3
Let d be (-1 + 2/2)/1. Let g(n) be the third derivative of 0 - n**2 + 7/6*n**3 + 0*n + 1/24*n**4. Give g(d).
7
Suppose 0 = 3*g + 3*k, -2*g - 3*g = 4*k. Let t(i) = i - 1. Let n(r) = -3*r + 2. Let m(j) = n(j) + 2*t(j). Calculate m(g).
0
Let i(o) be the first derivative of 1/3*o**3 + 4 + 4*o - 2*o**2. Determine i(4).
4
Let j(a) = a + 9. Let k(n) be the third derivative of -n**4/24 + 5*n**3/3 - 2*n**2. Let p be k(0). Suppose 5*m + 0*u + p = 3*u, -2*u = -2*m. Determine j(m).
4
Let l(o) = o + 9. Let s(b) = 2*b**3 - 4*b**2 - 2*b + 4. Let p be s(3). Suppose 0*z - 2*z - p = 0. Let f be (z/(-6))/(6/(-18)). What is l(f)?
5
Let w(s) = 3*s + 2 - 7*s + 3. Let n be (-2)/(4*(-4)/(-128)). Let o be 4/8*n/(-2). Give w(o).
-11
Let j(o) be the second derivative of 1/8*o**4 + 1/20*o**5 + 0 + o + o**2 + 0*o**3. Let f(b) be the first derivative of j(b). Calculate f(-2).
6
Let f(q) be the first derivative of -q**3/3 - 3*q**2 - q - 17. What is f(-5)?
4
Let c(l) = -l + 5. Let t(u) be the first derivative of -u + 2. Let h(o) = 3. Let g(s) = -3*h(s) - 5*t(s). Let p(r) = 3*c(r) + 4*g(r). What is p(2)?
-7
Let x(l) = -5*l**2 + 5*l. Let r(m) = -m**2 - m + 1. Let o(z) = 4*r(z) - x(z). Calculate o(8).
-4
Suppose -5*b = -3*p - 2*p - 10, -b - p = 8. Suppose -7*y + 5*x + 13 = -3*y, -4*y + 5 = 3*x. Let g(q) = -q**y - 5 - 2 + 4 - 5*q. Determine g(b).
3
Let k = 103 - 104. Let b(j) = 16*j**3 + 2*j**2 + j. Calculate b(k).
-15
Let f be 0*1/2 + 0. Suppose 3*w + j = -13, -j + 29 = -4*w - f. Let x(u) = u**2 + 6*u - 5. Determine x(w).
-5
Suppose 12*b - 7 = 77. Let t(y) = y**3 - 7*y**2 - y - 2. Determine t(b).
-9
Suppose 2 = -5*t - 3. Let o(s) = -12*s**2 + 2*s + 1. Calculate o(t).
-13
Let i(b) be the third derivative of -b**5/30 + b**4/4 + b**3 + 15*b**2. What is i(5)?
-14
Let h = -1 + 1. Suppose 0 = -3*m - h*m + 3. Let q(u) = 2*u**3 - u**2 - u + 1. Calculate q(m).
1
Let p(a) = 